(0 + -1). Let i = -8 - z. Suppose 2 = -3*o + 2*m + 58, i = o - 3*m - 14. What are the prime factors of o?
2, 5
Let a = 124 - 119. Suppose a*c = 804 + 731. What are the prime factors of c?
307
Let u(z) = -1724*z - 167. What are the prime factors of u(-3)?
5, 7, 11, 13
Let a be (-9 + (7 - 3))*-1. Suppose -5*y + a = -4*y. Suppose 14 = y*v - 146. What are the prime factors of v?
2
Let j = 132 - 132. Suppose j = b + 5*l - 230, 218 = -0*b + b - l. List the prime factors of b.
2, 5, 11
List the prime factors of 8203/39 + (-8)/6.
11, 19
Let w be (-1)/2 - 250/(-20). Let g be -10 + w + 6/2. Let b(y) = y**2 - 2*y + 10. List the prime factors of b(g).
5
Suppose -1319 = -5*t + 2*a, 8*t - 11*t + 4*a + 797 = 0. What are the prime factors of t?
263
What are the prime factors of 13/(7 - (-60)/(-9))?
3, 13
Suppose 0 = h + 4*n + 189 - 591, 3*n = 5*h - 1964. What are the prime factors of h?
2, 197
Let y be 1/1*1/(-1). Let d = 12 - y. Let m = 25 - d. What are the prime factors of m?
2, 3
Suppose 3*t = 5*z + 100, 3*z - 5*t + 19 + 41 = 0. Suppose 4*r + 2*l + 10 = -14, -l = r + 6. List the prime factors of ((-8)/r)/(z/(-870)).
2, 29
Suppose 4 - 1 = -a + n, 42 = -5*a - 4*n. Let k = a - -33. What are the prime factors of k?
3
Let g(n) = 62*n - 3. Let z = 83 - 80. What are the prime factors of g(z)?
3, 61
Suppose -4*x = -13646 - 494. What are the prime factors of x?
5, 7, 101
Suppose 5*s - q + 6*q - 185 = 0, 0 = -s - 2*q + 34. Suppose -13*b - s = -8*b. List the prime factors of (-9)/(-2)*(-2 - b).
3
Let a = -962 - -515. Let o = a + 315. List the prime factors of (-8)/20 - o/5.
2, 13
Let z(v) = -v**2 - 9*v + 13. Let g(i) = i + 10. Let l be g(-8). Suppose -l*w - 23 = 2*h - w, 3*h + 32 = -w. What are the prime factors of z(h)?
13
Suppose 233 = -a - 155. What are the prime factors of 72/48*a/(-3)?
2, 97
List the prime factors of ((-171)/(-19))/(9/1302).
2, 3, 7, 31
Let u = 193 + 134. What are the prime factors of u?
3, 109
Let y = -65 - -77. Let g(p) = p**3 + 7*p**2 + p + 7. Let o be g(-6). Let h = o - y. List the prime factors of h.
5
Let i(s) = 3*s**3 + 45*s**2 + 10*s + 1. List the prime factors of i(-14).
449
Suppose 6*d = 5*d, 0 = -v + 2*d + 790. What are the prime factors of v?
2, 5, 79
Let z(b) = b**2 - 4*b + 3. Let r be z(4). Suppose -r*c = 4*g - 78, 2*c + 3*g = 4*c - 35. List the prime factors of c.
2, 11
Let q = 2713 + -213. List the prime factors of q.
2, 5
Let n(j) = -j**3 - 23*j**2 + 15*j + 128. List the prime factors of n(-24).
2, 43
Let l(r) = 286*r**2 - 12*r + 23. What are the prime factors of l(2)?
3, 127
Suppose 23*o - 43999 = -6463. What are the prime factors of o?
2, 3, 17
Suppose 0 = -3*y + 9. Suppose 5*g - 30 = 5*m, -2*g - m = -0 - y. Suppose 3*i - 39 + g = 0. What are the prime factors of i?
2, 3
Let z be 2/(-6) + (-16)/(-3). Suppose -q + z*q - 352 = 0. What are the prime factors of q?
2, 11
Let j(z) = -z**2 - 4*z. Let k be j(-3). Let x = -1 + 1. Suppose -3 = -r + 5*d - 6, k*r + 4*d - 10 = x. List the prime factors of r.
2
Let d = 2556 - 1215. List the prime factors of d.
3, 149
Let v = -178 + 78. Let b be v/(-8) - 1/(-2). Suppose 4*g = 15 + b. List the prime factors of g.
7
Suppose -30*y = -33*y + 960. What are the prime factors of y?
2, 5
Let s = 2460 - 659. List the prime factors of s.
1801
Let s = 67 - 27. Let b = s + 4. List the prime factors of b.
2, 11
Let d = -40 + 38. Let a(g) = -13*g**3 - 3*g**2 + g + 3. What are the prime factors of a(d)?
3, 31
Suppose 57 = -4*p + h, 45 = -4*p + 3*h + 2*h. Let r(w) = w**2 + 11*w - 8. List the prime factors of r(p).
2, 13
Suppose 0 = -w - 2*w - 102. Let t be w/(-8) + (-5)/20. Suppose t*b - 35 = 4*j + 33, -5*j = -2*b + 31. What are the prime factors of b?
2, 3
Let l(d) = -160*d + 104. What are the prime factors of l(-3)?
2, 73
Suppose 1209 - 461 = 2*a. What are the prime factors of a?
2, 11, 17
Let v = 8 + -12. Let r be 8/(-44) + v/(-22). Suppose r = -2*f - 2*f + 48. What are the prime factors of f?
2, 3
Let q = -596 - -2104. List the prime factors of q.
2, 13, 29
Let y(w) be the first derivative of w**5/40 - w**4/4 - 2*w**3/3 + 3. Let z(a) be the third derivative of y(a). List the prime factors of z(9).
3, 7
Let n = 291 - 204. Suppose j + 2*s = n + 101, 3*j - 614 = 4*s. What are the prime factors of j?
2, 3, 11
Suppose 970 = 17*x - 1240. Suppose -17 + 2 = -3*z. Suppose -4*k - 7 + 91 = -r, -z*r + x = 5*k. List the prime factors of k.
2, 11
Let m(i) be the first derivative of -i**4/4 + i**3 + 5*i**2/2 - i + 1. Suppose 14*x - 12*x - 8 = 0. List the prime factors of m(x).
3
Let t(p) = 7*p + 22. Let h be t(-10). Let q be (1 - 2)/(4/116). Let s = q - h. List the prime factors of s.
19
Let r be -22*(-5)/15*3. Let b(a) = a**2 - 16*a + 44. List the prime factors of b(r).
2, 11
Let d = 54 - 37. Suppose 42 = 5*y - 8. Let f = d - y. What are the prime factors of f?
7
Suppose -6426 = 139*m - 145*m. What are the prime factors of m?
3, 7, 17
Let z(c) = 3*c**2 + 27*c - 20. Let p(g) = g**2 + 9*g - 7. Let d(k) = -11*p(k) + 4*z(k). Let b be d(-10). List the prime factors of (b - -28) + 0 + 2.
37
Let g be 1 - ((3 - 6) + 2). Suppose -g*z - z + 9 = 0. What are the prime factors of (-34 + 0)/(1 - z)?
17
Suppose 5*y - 3 = 2*v, 4*v - 8 + 0 = -4*y. Let t(l) = -3 + 6 - l + v - 6. What are the prime factors of t(-7)?
5
Let k(m) = -m - 10. Let d be k(-13). Suppose -20 = -x - d*x. What are the prime factors of x?
5
Suppose -o - 29 = -2*x - 0*o, -x + o = -13. Let l = -14 + x. List the prime factors of l.
2
Let z(j) = 1 - 2 + 11*j**2 + 2*j - 2 - 1. What are the prime factors of z(2)?
2, 11
Let q be 1 + (0 - -3 - -10). Suppose -1 = -3*i + q. Suppose 6*u = i*u + 34. What are the prime factors of u?
2, 17
Let m(n) = 19*n**2 - 3*n - 1. What are the prime factors of m(3)?
7, 23
Let q(o) = 506*o**3 - o**2 + 1. Let z be q(1). Suppose 0 = 5*g - g - 5*c - z, 0 = -2*g + c + 256. What are the prime factors of g?
3, 43
Suppose -3*a + 89 = -16. List the prime factors of (126/a)/((-9)/(-210)).
2, 3, 7
Let r(j) = 6 + 194*j - 64*j - 63*j - 64*j. Let f = -3 - -7. What are the prime factors of r(f)?
2, 3
Let t(a) be the second derivative of a**2 - 4/3*a**3 - a + 0. What are the prime factors of t(-1)?
2, 5
Let c(r) = -2*r**2 - 2*r - 1. Let v be c(2). Let j = -9 - v. Let u = j + 15. List the prime factors of u.
19
Suppose 2*d - 3*d + 10 = 0. Let a be (-2)/(-6)*90/d. Suppose a*l + 0*l = 18. What are the prime factors of l?
2, 3
Let r be 3/6 + (238/4 - 1). Let l = r + -24. List the prime factors of l.
5, 7
Let m = -6 - -10. Suppose -l + m - 1 = 0. Suppose -l = -k + 1. What are the prime factors of k?
2
Let k(t) = 0*t**3 + 10*t**2 + 15 + t**3 - 25 - 9*t. List the prime factors of k(-10).
2, 5
Suppose -109*s = -101*s - 7352. List the prime factors of s.
919
Let d = -6 - 2. List the prime factors of ((-6)/4)/(4/d).
3
Let c = 38 + -33. Suppose 0 = -5*b + 229 + 776. Suppose -c*s + b = 41. List the prime factors of s.
2
Let c = 5220 - 3658. List the prime factors of c.
2, 11, 71
Suppose -5*w + 356 - 71 = 0. Let y = w + -36. What are the prime factors of y?
3, 7
Let i = -28 - -9. Let t = 44 + i. Suppose -8*g + t = -3*g. List the prime factors of g.
5
Suppose -3*m - 65 = -5*i, m = 2*i - 2*m - 26. Suppose i*c - 12*c - 69 = 0. List the prime factors of c.
3, 23
Suppose 138 = l + 2*i, 2*i + 4 = -0. Let g = 296 - l. List the prime factors of g.
2, 7, 11
What are the prime factors of (-88)/16 - (-86168)/16?
2, 5, 269
Let f(d) = 38*d**2 - 4*d + 6. List the prime factors of f(3).
2, 3, 7
Let t(f) = -24*f - 3. Let x(q) = -q + 1. Let o(u) = t(u) - 4*x(u). List the prime factors of o(-5).
3, 31
Let r = 13 - 11. Suppose -5*u + 660 = -r*z, 80 = u - 4*z - 52. Suppose -3*d - d = -u. List the prime factors of d.
3, 11
Let k be (-17)/(-5) + (-21)/(-35). Let f = k - 5. What are the prime factors of (28/16)/(f/(-20))?
5, 7
Let j(u) = -u**3 - 17*u**2 + 71*u + 217. List the prime factors of j(-21).
2, 5, 7
Let l(n) be the second derivative of -17/6*n**3 + 0 - 6*n + 11/12*n**4 + 1/20*n**5 - 9/2*n**2. List the prime factors of l(-12).
3, 17
Let q(k) = k**3 + 20*k**2 - 14*k + 13. List the prime factors of q(-19).
2, 5
Let p(o) = -o**3 - 10*o**2 - 8*o + 9. Let b be p(-9). Suppose -2*v - v - 66 = b. List the prime factors of v/((-24)/9 + 2).
3, 11
Suppose 0 = -5*j - 0*j. Let u be ((-4)/(-